 c be r(-6). What is the units digit of v(c)?
6
Let w = -14 - -14. Suppose 18 = x + l - w, 5*l = x - 30. What is the tens digit of x?
2
Suppose 3*j = -l + 64, -1 = -j - 6. What is the units digit of l?
9
Let g = -5 + 8. Suppose -g*v + 1 = -2*q - 4, -4*q + 14 = 2*v. What is the units digit of q?
2
Suppose 5*u + 5*i + 50 = 0, -1 = 2*i + 5. Let y = u - -11. Suppose -y*n + 47 = 15. What is the units digit of n?
8
Let f be ((-4)/6)/(12/(-36)). Suppose -5*o + 2*r + 26 = 0, -o - f*r - 4 = -14. What is the units digit of o?
6
Suppose -3*u + 2*u + 3 = 0. Suppose u*c - 54 = -3*z, -5*c = -c + 5*z - 70. What is the units digit of c?
0
What is the units digit of (5 + (-4 - -1))*4?
8
Let y(z) = z**2 - 8*z - 4. Let w = -13 - -5. Let b = w - -17. What is the units digit of y(b)?
5
Suppose t = 6*t + 10. Let h = t - 3. Let s = -3 - h. What is the units digit of s?
2
Let q be -31*(4/2)/(-2). Suppose -31*b - 44 = -29*b. Let a = q + b. What is the units digit of a?
9
Let o(v) = -3*v**2 - v**3 + 4*v + 0*v - 4 - 3*v + 5*v. Let h be o(-6). What is the units digit of (-2)/8 - h/(-16)?
4
Suppose f + 30 = 4*f. Suppose -f = -3*v + 2. Suppose -20 = -5*z, -v*z = -3*s - z + 6. What is the units digit of s?
6
Let m(z) = -z + 1. Let t(q) = 11 - 5 - 5*q + 3*q. Let d(o) = 3*m(o) - t(o). What is the units digit of d(-4)?
1
Let n = -478 + 693. What is the hundreds digit of n?
2
Let u = -4 - -12. What is the units digit of u?
8
Suppose 5*c - 3*s = -2*s + 48, -3*c + s + 30 = 0. What is the units digit of -9*((-30)/c + 3)?
3
Let k(l) = -l**3 - 4*l**2 + 3*l + 5. What is the tens digit of k(-5)?
1
Suppose -2*a - 4*b - 34 = 0, -3*a + 0*b = 2*b + 59. Suppose 6*k - 7*k + 29 = 0. Let x = k + a. What is the units digit of x?
8
Let z(n) = -7*n + 16. Let c(y) = -4*y + 8. Let m(w) = 5*c(w) - 3*z(w). What is the units digit of m(9)?
1
Let q(r) = r**2 + r - 1. Let y be q(3). Suppose -3*i = -4*g - 15, y + 3 = 2*i - 4*g. What is the units digit of i?
1
Let g be (6 - 5)/((-2)/(-6)). Suppose -g*m = f - 12, 3*f - 2*m - 5 = 9. What is the units digit of f?
6
What is the units digit of (-324)/(-14) - (-6)/(-42)?
3
Let r = 49 - 20. What is the units digit of r?
9
Let h(i) = i**3 + i**2 + 2. Let a be h(0). Suppose -a*w - 3*w = -80. Suppose -2*r - w = -4*r. What is the units digit of r?
8
Suppose -2*w + w = -3. Let q = w - -8. What is the units digit of q?
1
What is the tens digit of 172 - (-1 - (3 + -1 + -1))?
7
Let g = 45 + 101. What is the tens digit of g?
4
Suppose 41 = 3*l - 16. Suppose 2*r - 53 = r - 5*d, 0 = 4*r + 5*d - 137. Let x = r - l. What is the units digit of x?
9
Let h(y) = -y. Suppose m - 6 = -4. Let k = -3 + m. What is the units digit of h(k)?
1
Let l = 19 - 15. Suppose 3*f - 2*f = l. What is the units digit of f?
4
Let f(p) = -p**3 - 5*p**2 + 1. Let m(z) = -z. Let d be m(1). Let j be d*(-2 - -3 - -4). What is the units digit of f(j)?
1
Let o(z) be the first derivative of z**3/3 + 3*z**2/2 - 2*z - 1. What is the tens digit of o(3)?
1
Let b be (27/6 - 3)*10. Suppose -b = -5*s + 40. What is the units digit of s?
1
Let g be 1*0*(-3)/(-12). Suppose l - 9 = -m, -8 = -2*m - g*m. What is the units digit of l?
5
Let v = 6 + -23. Let i = v - -31. What is the units digit of i?
4
Suppose o = 3*m + 227, 2*m + 4*o + 170 = -0*o. Let h = -44 - m. What is the tens digit of h?
3
Suppose 7*i - 66 = 6*i - 2*u, -25 = -5*u. What is the units digit of i?
6
Let r = -16 - -33. What is the tens digit of r?
1
Let b(f) = 28*f**2 - 2*f - 1. What is the units digit of b(-1)?
9
Let o = 0 - 7. Let a = o - -24. Let j = 24 - a. What is the units digit of j?
7
Let t = 294 - 192. What is the units digit of t?
2
Suppose 8 = 5*m - 37. Let f be -9*1/(m/6). Let v(t) = t**3 + 5*t**2 - 8*t - 9. What is the units digit of v(f)?
3
Let y = 58 - 8. Suppose -3*q + h + 14 = -q, 5*q = -5*h + y. What is the units digit of q?
8
What is the units digit of (70/(-3))/((-10)/15)?
5
What is the tens digit of (846/27)/((-4)/(-6))?
4
Let j = -7 - -13. What is the units digit of (1 - 14/j)*-3?
4
Let x be 62 + (0 - -1) + 3. Suppose 0 = 2*m + 20 - x. What is the units digit of m?
3
Let j = 62 + -20. What is the units digit of j?
2
Let b(q) be the third derivative of q**5/30 - 7*q**4/24 + 2*q**3/3 - q**2. Let w = -10 - -14. What is the units digit of b(w)?
8
Let b be 12/(-42) + (-4)/(-14). Suppose b = -a - 2*a. Suppose 2*m + 2*c - 22 = a, 2*c - 11 = -1. What is the units digit of m?
6
What is the tens digit of (5/10)/((-3)/(-1788)) + 0?
9
Let x = 0 - 0. Let r be (-2)/((-2)/(-2)*2). Let h = x - r. What is the units digit of h?
1
What is the units digit of (-238)/(-51)*(1 + 5)?
8
Suppose 23 - 1 = -o + 3*t, -3*o - 58 = -t. Let m = -13 - o. What is the units digit of m?
6
Suppose -20 = 4*w, q + 3*w = -0*q - 15. Suppose 2*g - 6 = -q*g. Let a = g + 1. What is the units digit of a?
4
Suppose -2*t + 0*t = -2*b + 66, -4*b + 142 = t. Suppose -3 = -0*a + a - 4*h, a - 2*h - 1 = 0. Suppose b = 5*m + a. What is the units digit of m?
6
Let a(r) = -r**2 + 7*r - 8. Let o be a(7). Let n = o - -10. What is the units digit of n?
2
What is the units digit of 5 - 3 - (-14 + -3)?
9
Let t be 3*(-2)/(-6)*12. Let a = t + -5. What is the units digit of (-62)/(-8) + a/28?
8
Let x be (-45)/(-10)*(-4)/3. Suppose 12 = 4*l, -3*l = 4*h - 5*h - 27. What is the units digit of (48/h)/(2/x)?
8
Let p be 87/4 - 5/(-20). Let z = 35 - p. Let k(u) = 3*u - 19. What is the tens digit of k(z)?
2
Suppose 3*c = -4*c + 1148. What is the tens digit of c?
6
Suppose -6*k + 2*k - 32 = -4*y, -8 = k + y. Let s = 53 + k. What is the units digit of s?
5
Let h = 19 + -11. What is the units digit of h?
8
Let c(v) = -3*v**3. Suppose s = 3*s + 2. What is the units digit of c(s)?
3
Let p(r) = r**2 - 11*r - 2. Let y be p(12). What is the units digit of 1/2 - (-175)/y?
8
Let v = 47 + -44. What is the units digit of v?
3
Suppose 4*r = 3*g + 1 - 3, 4*g - 7 = r. What is the units digit of r/((-3)/(66/(-1)))?
2
What is the units digit of (0 - -5 - 3) + 80?
2
Let a(u) = -19*u + 12. What is the hundreds digit of a(-5)?
1
Suppose 0 = -3*z + 5*i + 1009, 2*i = -4*z + 6*i + 1348. What is the hundreds digit of z?
3
Let c(z) = z + 2. Let o be c(-5). What is the units digit of 6 - (o + (5 - 2))?
6
Suppose 0 = -a - 0*a + 2. Suppose 4*f - 2*f - i - 37 = 0, 5*f - 70 = -a*i. What is the tens digit of f?
1
Let m(k) = -k**3 - k**2 - k + 8. Let r(i) = -i**2 - 9*i - 4. Let p be r(-8). Let j = p - 4. What is the units digit of m(j)?
8
Let v(q) = -15*q**3 - 1. Let p be (-6)/4 + (-1)/(-2). Let s be v(p). Suppose 2*y = 2*r + s, y + r + r - 7 = 0. What is the units digit of y?
7
Let r = -74 + 346. What is the tens digit of r?
7
Let q be (-668)/(-14) + (-16)/(-56). Suppose 5*t = 4*t + q. What is the units digit of t?
8
Let t(b) = -b**3 - 3*b**2 + 8*b + 5. Let x = 10 - 15. What is the units digit of t(x)?
5
Suppose 4*l - 4*m + 811 = 9*l, -4*l + 652 = 4*m. What is the hundreds digit of l?
1
Let p be (63/(-6))/7*-4. Let v = p + 5. What is the tens digit of v?
1
Suppose 2*h = -2*c + 14, 4*c - h = -0*h + 13. What is the units digit of c?
4
Suppose 0*h = -5*k + 4*h - 15, 4*k - 3*h = -11. What is the units digit of k?
1
Suppose 2*t - 3*t + 20 = 0. Suppose 3*s + 0*s - 22 = -5*z, -5*z + 10 = 0. Suppose -5*b + t = 5*l, 2*b + 7 = s*l - 9. What is the units digit of l?
4
Suppose -4*v = 2*w + v - 41, -w - 7 = -3*v. Let a = 14 - w. Let i(s) = -s**2 + 7*s - 4. What is the units digit of i(a)?
2
Let u(o) = 2*o**2 + 2*o + 4. Suppose 2*c + 0*k - 4*k = -30, 4*k - 40 = 4*c. What is the units digit of u(c)?
4
Let i = 109 + -50. What is the units digit of i?
9
Suppose 3*g = -6, 2*t - 3*g = -2*g + 22. What is the units digit of 5/t + 11/2?
6
Suppose 276 = 4*x - x. What is the tens digit of x?
9
Let o be (24/5)/((-2)/(-10)). Suppose 0 = -m - 2*m + o. What is the units digit of m?
8
Let v(g) = g**2 - 7*g + 9. Let a = -15 + 23. What is the units digit of v(a)?
7
Suppose 9*u - 4*u = 5. What is the units digit of u?
1
Suppose -3*x + 69 = 2*x - j, -4*j = 4*x - 60. What is the units digit of x?
4
Suppose -3*o = -2*o - 2. Suppose 5 = u, o*v + u - 59 = 6*u. What is the tens digit of v?
4
Let t be 22/2 - (-5)/(-5). Suppose -3*m + 44 = -t. What is the units digit of m?
8
Let m(t) = -t**2 - 7*t - 3. Suppose 2*i = -2*i - 24. Let y be m(i). Suppose -r = -y*s - 9, -2*